{"id":41,"date":"2024-03-22T23:47:52","date_gmt":"2024-03-22T22:47:52","guid":{"rendered":"https:\/\/marelsolutions.com\/?page_id=41"},"modified":"2024-03-27T18:17:20","modified_gmt":"2024-03-27T17:17:20","slug":"inicio","status":"publish","type":"page","link":"https:\/\/marelsolutions.com\/","title":{"rendered":"Inicio"},"content":{"rendered":"\n<div class=\"wp-block-cover alignfull\" style=\"min-height:720px\"><span aria-hidden=\"true\" class=\"wp-block-cover__background has-background-dim wp-block-cover__gradient-background has-background-gradient\" style=\"background:linear-gradient(35deg,rgb(6,0,151) 0%,rgb(130,4,255) 73%,rgb(193,15,255) 100%)\"><\/span><img loading=\"lazy\" decoding=\"async\" width=\"1280\" height=\"720\" class=\"wp-block-cover__image-background wp-image-67\" alt=\"\" src=\"https:\/\/marelsolutions.com\/wp-content\/uploads\/2024\/03\/Plantilla-1-1.png\" data-object-fit=\"cover\" srcset=\"https:\/\/marelsolutions.com\/wp-content\/uploads\/2024\/03\/Plantilla-1-1.png 1280w, https:\/\/marelsolutions.com\/wp-content\/uploads\/2024\/03\/Plantilla-1-1-300x169.png 300w, https:\/\/marelsolutions.com\/wp-content\/uploads\/2024\/03\/Plantilla-1-1-1024x576.png 1024w, https:\/\/marelsolutions.com\/wp-content\/uploads\/2024\/03\/Plantilla-1-1-768x432.png 768w\" sizes=\"(max-width: 1280px) 100vw, 1280px\" \/><div class=\"wp-block-cover__inner-container is-layout-flow wp-block-cover-is-layout-flow\">\n<div class=\"inherit-container-width wp-block-group alignwide is-layout-constrained wp-block-group-is-layout-constrained\">\n<h1 class=\"wp-block-heading has-text-align-left has-white-color has-text-color\">Bienvenido a MAREL SOLUTIONS!<\/h1>\n\n\n\n<p class=\"has-text-align-center\">Nos enorgullecemos de ser una empresa l\u00edder en la comercializaci\u00f3n de soluciones de infraestructura tecnol\u00f3gica, energ\u00eda renovable y servicios el\u00e9ctricos. Nuestro equipo est\u00e1 conformado por expertos altamente capacitados y experimentados en sus respectivos campos, comprometidos con la excelencia y la innovaci\u00f3n&#8230; \u00a1Conocenos!<\/p>\n<\/div>\n<\/div><\/div>\n\n\n\n<div class=\"wp-block-group alignfull is-layout-constrained wp-container-core-group-layout-2 wp-block-group-is-layout-constrained\" id=\"services\" style=\"padding-top:144px;padding-bottom:0px\">\n<h2 class=\"wp-block-heading\">Nuestros servicios<\/h2>\n\n\n\n<div class=\"wp-block-columns is-layout-flex wp-container-core-columns-layout-1 wp-block-columns-is-layout-flex\" style=\"margin-top:50px\">\n<div class=\"wp-block-column is-layout-flow wp-container-core-column-layout-1 wp-block-column-is-layout-flow\">\n<figure class=\"wp-block-image size-full is-resized\"><img loading=\"lazy\" decoding=\"async\" width=\"259\" height=\"194\" src=\"https:\/\/marelsolutions.com\/wp-content\/uploads\/2024\/03\/starlink.jpg\" alt=\"\" class=\"wp-image-63\" style=\"object-fit:cover;width:327px;height:250px\"\/><\/figure>\n\n\n\n<p>Tecnologia satelital para estar siempre conectado&#8230;<\/p>\n<\/div>\n\n\n\n<div class=\"wp-block-column is-layout-flow wp-container-core-column-layout-2 wp-block-column-is-layout-flow\">\n<figure class=\"wp-block-image size-full is-resized\"><img loading=\"lazy\" decoding=\"async\" width=\"560\" height=\"350\" src=\"https:\/\/marelsolutions.com\/wp-content\/uploads\/2024\/03\/electricidad-indrustrial.jpg\" alt=\"\" class=\"wp-image-64\" style=\"object-fit:cover;width:327px;height:250px\" srcset=\"https:\/\/marelsolutions.com\/wp-content\/uploads\/2024\/03\/electricidad-indrustrial.jpg 560w, https:\/\/marelsolutions.com\/wp-content\/uploads\/2024\/03\/electricidad-indrustrial-300x188.jpg 300w\" sizes=\"(max-width: 560px) 100vw, 560px\" \/><\/figure>\n\n\n\n<p>Productos para electricidad y servicios industriales<\/p>\n<\/div>\n\n\n\n<div class=\"wp-block-column is-layout-flow wp-container-core-column-layout-3 wp-block-column-is-layout-flow\">\n<figure class=\"wp-block-image size-full is-resized\"><img loading=\"lazy\" decoding=\"async\" width=\"971\" height=\"717\" src=\"https:\/\/marelsolutions.com\/wp-content\/uploads\/2024\/03\/Infraestructura-digital-Colombia-3-1.jpg\" alt=\"\" class=\"wp-image-65\" style=\"object-fit:cover;width:327px;height:250px\" srcset=\"https:\/\/marelsolutions.com\/wp-content\/uploads\/2024\/03\/Infraestructura-digital-Colombia-3-1.jpg 971w, https:\/\/marelsolutions.com\/wp-content\/uploads\/2024\/03\/Infraestructura-digital-Colombia-3-1-300x222.jpg 300w, https:\/\/marelsolutions.com\/wp-content\/uploads\/2024\/03\/Infraestructura-digital-Colombia-3-1-768x567.jpg 768w\" sizes=\"(max-width: 971px) 100vw, 971px\" \/><\/figure>\n\n\n\n<p>Soluciones tecnol\u00f3gicas para medianas y grandes empresas.<\/p>\n<\/div>\n<\/div>\n<\/div>\n\n\n\n<div class=\"wp-block-group alignfull has-ast-global-color-5-background-color has-background is-layout-constrained wp-container-core-group-layout-4 wp-block-group-is-layout-constrained\" id=\"about\" style=\"padding-top:143px;padding-bottom:144px\">\n<div class=\"wp-block-media-text has-media-on-the-right is-stacked-on-mobile is-vertically-aligned-center\"><div class=\"wp-block-media-text__content\">\n<div class=\"inherit-container-width wp-block-group is-layout-constrained wp-block-group-is-layout-constrained\" style=\"padding-right:80px\">\n<h2 class=\"wp-block-heading\" style=\"padding-right:40px\">Algunas de las certificaciones de nuestro equipo:<\/h2>\n\n\n\n<ul>\n<li>Cyber Security Foundation &#8211; Professional Certificate<\/li>\n\n\n\n<li>AWS Certified Solutions Architect &#8211; Associate<\/li>\n\n\n\n<li>Certificaci\u00f3n en los est\u00e1ndares EC0586.01 y EC1181: instalaci\u00f3n y supervisi\u00f3n de sistemas fotovoltaicos en residencia, comercio e industria.<\/li>\n\n\n\n<li>Certificaci\u00f3n CCNA Y CCNP.<\/li>\n\n\n\n<li>Requerimientos ISO 45001:2018.<\/li>\n<\/ul>\n<\/div>\n<\/div><figure class=\"wp-block-media-text__media\"><img loading=\"lazy\" decoding=\"async\" width=\"540\" height=\"468\" src=\"https:\/\/marelsolutions.com\/wp-content\/uploads\/2024\/03\/equipos-de-proteccion-personal-seguridad-industrial.jpg\" alt=\"\" class=\"wp-image-73 size-full\" srcset=\"https:\/\/marelsolutions.com\/wp-content\/uploads\/2024\/03\/equipos-de-proteccion-personal-seguridad-industrial.jpg 540w, https:\/\/marelsolutions.com\/wp-content\/uploads\/2024\/03\/equipos-de-proteccion-personal-seguridad-industrial-300x260.jpg 300w\" sizes=\"(max-width: 540px) 100vw, 540px\" \/><\/figure><\/div>\n<\/div>\n\n\n\n<div class=\"wp-block-group alignfull has-ast-global-color-4-background-color has-background is-layout-constrained wp-container-core-group-layout-5 wp-block-group-is-layout-constrained\" id=\"reviews\">\n<p class=\"has-text-align-center\" style=\"font-size:22px;line-height:1.6\"> MAREL SOLUTIONS ofrece servicios y productos de alta calidad, siempre cumpliendo con nuestras expectativas. Recomendados.<\/p>\n\n\n\n<p class=\"has-text-align-center\"><strong>Testimonio<\/strong><\/p>\n<\/div>\n\n\n\n<div class=\"wp-block-group alignfull is-layout-constrained wp-container-core-group-layout-6 wp-block-group-is-layout-constrained\" id=\"whyus\" style=\"padding-top:144px;padding-bottom:144px\">\n<h2 class=\"wp-block-heading\">\u00bfPor que elegirnos?<\/h2>\n\n\n\n<div class=\"wp-block-columns is-layout-flex wp-container-core-columns-layout-2 wp-block-columns-is-layout-flex\" style=\"margin-top:60px\">\n<div class=\"wp-block-column is-layout-flow wp-container-core-column-layout-4 wp-block-column-is-layout-flow\">\n<figure class=\"wp-block-image size-large\"><img decoding=\"async\" src=\"https:\/\/marelsolutions.com\/wp-content\/themes\/astra\/inc\/assets\/images\/starter-content\/passionate.svg\" alt=\"\" class=\"wp-image-162\"\/><\/figure>\n\n\n\n<h3 class=\"wp-block-heading\" style=\"margin-top:16px\">Apasionados<\/h3>\n\n\n\n<p>Nuestro equipo de trabajo est\u00e1 impulsado por una pasi\u00f3n inquebrantable. Cada miembro est\u00e1 dedicado a su labor con fervor y entusiasmo, buscando constantemente alcanzar nuevos logros y superar desaf\u00edos con determinaci\u00f3n. Esta pasi\u00f3n es el motor que impulsa nuestra colaboraci\u00f3n y nos inspira a alcanzar la excelencia en todo lo que hacemos..<\/p>\n<\/div>\n\n\n\n<div class=\"wp-block-column is-layout-flow wp-container-core-column-layout-5 wp-block-column-is-layout-flow\">\n<figure class=\"wp-block-image size-large\"><img decoding=\"async\" src=\"https:\/\/marelsolutions.com\/wp-content\/themes\/astra\/inc\/assets\/images\/starter-content\/professional.svg\" alt=\"\" class=\"wp-image-163\"\/><\/figure>\n\n\n\n<h3 class=\"wp-block-heading\" style=\"margin-top:16px\">Profesionalismo<\/h3>\n\n\n\n<p>Adem\u00e1s de nuestra pasi\u00f3n, somos un equipo altamente profesional. Nos destacamos por nuestra experiencia, conocimientos y habilidades en nuestras respectivas \u00e1reas. Mantenemos altos est\u00e1ndares de conducta \u00e9tica y excelencia en cada tarea que emprendemos. <\/p>\n<\/div>\n\n\n\n<div class=\"wp-block-column is-layout-flow wp-container-core-column-layout-6 wp-block-column-is-layout-flow\">\n<figure class=\"wp-block-image size-large\"><img decoding=\"async\" src=\"https:\/\/marelsolutions.com\/wp-content\/themes\/astra\/inc\/assets\/images\/starter-content\/support.svg\" alt=\"\" class=\"wp-image-164\"\/><\/figure>\n\n\n\n<h3 class=\"wp-block-heading\" style=\"margin-top:16px\">Soporte<\/h3>\n\n\n\n<p>En nuestro equipo, priorizamos el apoyo y la satisfacci\u00f3n de nuestros clientes en todo momento. Nos comprometemos a ofrecer un servicio de atenci\u00f3n excepcional, respondiendo r\u00e1pidamente a sus necesidades y preocupaciones. Desde el primer contacto hasta m\u00e1s all\u00e1 de la conclusi\u00f3n de un proyecto, estamos disponibles para brindar orientaci\u00f3n, resolver problemas y garantizar una experiencia positiva en cada interacci\u00f3n..<\/p>\n<\/div>\n<\/div>\n<\/div>\n\n\n\n<div class=\"wp-block-group alignfull has-background is-layout-constrained wp-container-core-group-layout-7 wp-block-group-is-layout-constrained\" id=\"contact\" style=\"background:linear-gradient(35deg,rgb(6,0,151) 0%,rgb(130,4,255) 64%,rgb(193,15,255) 98%);padding-top:104px;padding-bottom:104px\">\n<h2 class=\"wp-block-heading has-text-align-center has-text-color\" style=\"color:#ffffff\">\u00a1Contactanos!<\/h2>\n<\/div>\n\n\n<style id=\"wpforms-css-vars-root\">\n\t\t\t\t:root {\n\t\t\t\t\t--wpforms-field-border-radius: 3px;\n--wpforms-field-background-color: #ffffff;\n--wpforms-field-border-color: rgba( 0, 0, 0, 0.25 );\n--wpforms-field-text-color: rgba( 0, 0, 0, 0.7 );\n--wpforms-label-color: rgba( 0, 0, 0, 0.85 );\n--wpforms-label-sublabel-color: rgba( 0, 0, 0, 0.55 );\n--wpforms-label-error-color: #d63637;\n--wpforms-button-border-radius: 3px;\n--wpforms-button-background-color: #066aab;\n--wpforms-button-text-color: #ffffff;\n--wpforms-page-break-color: #066aab;\n--wpforms-field-size-input-height: 43px;\n--wpforms-field-size-input-spacing: 15px;\n--wpforms-field-size-font-size: 16px;\n--wpforms-field-size-line-height: 19px;\n--wpforms-field-size-padding-h: 14px;\n--wpforms-field-size-checkbox-size: 16px;\n--wpforms-field-size-sublabel-spacing: 5px;\n--wpforms-field-size-icon-size: 1;\n--wpforms-label-size-font-size: 16px;\n--wpforms-label-size-line-height: 19px;\n--wpforms-label-size-sublabel-font-size: 14px;\n--wpforms-label-size-sublabel-line-height: 17px;\n--wpforms-button-size-font-size: 17px;\n--wpforms-button-size-height: 41px;\n--wpforms-button-size-padding-h: 15px;\n--wpforms-button-size-margin-top: 10px;\n\n\t\t\t\t}\n\t\t\t<\/style><div class=\"wpforms-container wpforms-container-full wpforms-block wpforms-block-66805d2e-76dc-47c0-8eb9-3508250df679 wpforms-render-modern\" id=\"wpforms-70\"><form id=\"wpforms-form-70\" class=\"wpforms-validate wpforms-form wpforms-ajax-form\" data-formid=\"70\" method=\"post\" enctype=\"multipart\/form-data\" action=\"\/index.php\/wp-json\/wp\/v2\/pages\/41\" data-token=\"45758db919c22238169f0d80a2b9b935\"><noscript class=\"wpforms-error-noscript\">Por favor, activa JavaScript en tu navegador para completar este formulario.<\/noscript><div class=\"wpforms-hidden\" id=\"wpforms-error-noscript\">Por favor, activa JavaScript en tu navegador para completar este formulario.<\/div><div class=\"wpforms-field-container\"><div id=\"wpforms-70-field_1-container\" class=\"wpforms-field wpforms-field-name\" data-field-id=\"1\"><fieldset><legend class=\"wpforms-field-label\">Nombre <span class=\"wpforms-required-label\" aria-hidden=\"true\">*<\/span><\/legend><div class=\"wpforms-field-row wpforms-field-medium\"><div class=\"wpforms-field-row-block wpforms-first wpforms-one-half\"><input type=\"text\" id=\"wpforms-70-field_1\" class=\"wpforms-field-name-first wpforms-field-required\" name=\"wpforms[fields][1][first]\" aria-errormessage=\"wpforms-70-field_1-error\" required><label for=\"wpforms-70-field_1\" class=\"wpforms-field-sublabel after \">Nombre<\/label><\/div><div class=\"wpforms-field-row-block wpforms-one-half\"><input type=\"text\" id=\"wpforms-70-field_1-last\" class=\"wpforms-field-name-last wpforms-field-required\" name=\"wpforms[fields][1][last]\" aria-errormessage=\"wpforms-70-field_1-last-error\" required><label for=\"wpforms-70-field_1-last\" class=\"wpforms-field-sublabel after \">Apellidos<\/label><\/div><\/div><\/fieldset><\/div><div id=\"wpforms-70-field_2-container\" class=\"wpforms-field wpforms-field-email\" data-field-id=\"2\"><label class=\"wpforms-field-label\" for=\"wpforms-70-field_2\">Correo electr\u00f3nico <span class=\"wpforms-required-label\" aria-hidden=\"true\">*<\/span><\/label><input type=\"email\" id=\"wpforms-70-field_2\" class=\"wpforms-field-medium wpforms-field-required\" name=\"wpforms[fields][2]\" spellcheck=\"false\" aria-errormessage=\"wpforms-70-field_2-error\" required><\/div><div id=\"wpforms-70-field_3-container\" class=\"wpforms-field wpforms-field-textarea\" data-field-id=\"3\"><label class=\"wpforms-field-label\" for=\"wpforms-70-field_3\">P\u00e1rrafo de texto<\/label><textarea id=\"wpforms-70-field_3\" class=\"wpforms-field-medium\" name=\"wpforms[fields][3]\" aria-errormessage=\"wpforms-70-field_3-error\" ><\/textarea><\/div><\/div><!-- .wpforms-field-container --><div class=\"wpforms-submit-container\" ><input type=\"hidden\" name=\"wpforms[id]\" value=\"70\"><input type=\"hidden\" name=\"wpforms[author]\" value=\"1\"><button type=\"submit\" name=\"wpforms[submit]\" id=\"wpforms-submit-70\" class=\"wpforms-submit\" data-alt-text=\"Enviando...\" data-submit-text=\"Enviar\" aria-live=\"assertive\" value=\"wpforms-submit\">Enviar<\/button><img loading=\"lazy\" decoding=\"async\" src=\"https:\/\/marelsolutions.com\/wp-content\/plugins\/wpforms-lite\/assets\/images\/submit-spin.svg\" class=\"wpforms-submit-spinner\" style=\"display: none;\" width=\"26\" height=\"26\" alt=\"Cargando\"><\/div><\/form><\/div>  <!-- .wpforms-container -->\n\n\n<p class=\"has-text-align-center\">CONTACTO:<\/p>\n\n\n\n<p class=\"has-text-align-center\">comercializacion@marelsolutions.com<\/p>\n\n\n\n<p class=\"has-text-align-center\">274 155 3358<\/p>\n\n\n\n<figure class=\"wp-block-image aligncenter size-full\"><img loading=\"lazy\" decoding=\"async\" width=\"808\" height=\"223\" src=\"https:\/\/marelsolutions.com\/wp-content\/uploads\/2024\/03\/Sin-titulo2-2.png\" alt=\"\" class=\"wp-image-80\" srcset=\"https:\/\/marelsolutions.com\/wp-content\/uploads\/2024\/03\/Sin-titulo2-2.png 808w, https:\/\/marelsolutions.com\/wp-content\/uploads\/2024\/03\/Sin-titulo2-2-300x83.png 300w, https:\/\/marelsolutions.com\/wp-content\/uploads\/2024\/03\/Sin-titulo2-2-768x212.png 768w\" sizes=\"(max-width: 808px) 100vw, 808px\" \/><\/figure>\n","protected":false},"excerpt":{"rendered":"<p>Nuestros servicios Tecnologia satelital para estar siempre conectado&#8230; Productos para electricidad y servicios industriales Soluciones tecnol\u00f3gicas para medianas y grandes [&hellip;]<\/p>\n","protected":false},"author":1,"featured_media":0,"parent":0,"menu_order":0,"comment_status":"closed","ping_status":"closed","template":"","meta":{"site-sidebar-layout":"no-sidebar","site-content-layout":"plain-container","ast-site-content-layout":"","site-content-style":"default","site-sidebar-style":"default","ast-global-header-display":"","ast-banner-title-visibility":"","ast-main-header-display":"","ast-hfb-above-header-display":"","ast-hfb-below-header-display":"","ast-hfb-mobile-header-display":"","site-post-title":"disabled","ast-breadcrumbs-content":"","ast-featured-img":"","footer-sml-layout":"","theme-transparent-header-meta":"enabled","adv-header-id-meta":"","stick-header-meta":"","header-above-stick-meta":"","header-main-stick-meta":"","header-below-stick-meta":"","astra-migrate-meta-layouts":"default","ast-page-background-enabled":"default","ast-page-background-meta":{"desktop":{"background-color":"var(--ast-global-color-4)","background-image":"","background-repeat":"repeat","background-position":"center center","background-size":"auto","background-attachment":"scroll","background-type":"","background-media":"","overlay-type":"","overlay-color":"","overlay-gradient":""},"tablet":{"background-color":"","background-image":"","background-repeat":"repeat","background-position":"center center","background-size":"auto","background-attachment":"scroll","background-type":"","background-media":"","overlay-type":"","overlay-color":"","overlay-gradient":""},"mobile":{"background-color":"","background-image":"","background-repeat":"repeat","background-position":"center center","background-size":"auto","background-attachment":"scroll","background-type":"","background-media":"","overlay-type":"","overlay-color":"","overlay-gradient":""}},"ast-content-background-meta":{"desktop":{"background-color":"var(--ast-global-color-5)","background-image":"","background-repeat":"repeat","background-position":"center center","background-size":"auto","background-attachment":"scroll","background-type":"","background-media":"","overlay-type":"","overlay-color":"","overlay-gradient":""},"tablet":{"background-color":"var(--ast-global-color-5)","background-image":"","background-repeat":"repeat","background-position":"center center","background-size":"auto","background-attachment":"scroll","background-type":"","background-media":"","overlay-type":"","overlay-color":"","overlay-gradient":""},"mobile":{"background-color":"var(--ast-global-color-5)","background-image":"","background-repeat":"repeat","background-position":"center center","background-size":"auto","background-attachment":"scroll","background-type":"","background-media":"","overlay-type":"","overlay-color":"","overlay-gradient":""}},"footnotes":""},"_links":{"self":[{"href":"https:\/\/marelsolutions.com\/index.php\/wp-json\/wp\/v2\/pages\/41"}],"collection":[{"href":"https:\/\/marelsolutions.com\/index.php\/wp-json\/wp\/v2\/pages"}],"about":[{"href":"https:\/\/marelsolutions.com\/index.php\/wp-json\/wp\/v2\/types\/page"}],"author":[{"embeddable":true,"href":"https:\/\/marelsolutions.com\/index.php\/wp-json\/wp\/v2\/users\/1"}],"replies":[{"embeddable":true,"href":"https:\/\/marelsolutions.com\/index.php\/wp-json\/wp\/v2\/comments?post=41"}],"version-history":[{"count":8,"href":"https:\/\/marelsolutions.com\/index.php\/wp-json\/wp\/v2\/pages\/41\/revisions"}],"predecessor-version":[{"id":88,"href":"https:\/\/marelsolutions.com\/index.php\/wp-json\/wp\/v2\/pages\/41\/revisions\/88"}],"wp:attachment":[{"href":"https:\/\/marelsolutions.com\/index.php\/wp-json\/wp\/v2\/media?parent=41"}],"curies":[{"name":"wp","href":"https:\/\/api.w.org\/{rel}","templated":true}]}}